e 9, what is 23657236 + -5?
23657231
In base 12, what is -55 - 218a71?
-218b06
In base 8, what is 5720256 + -31?
5720225
In base 13, what is -8b377c7 + -1?
-8b377c8
In base 16, what is -aeda62 + 5?
-aeda5d
In base 15, what is -6dc8d + 7d?
-6dc10
In base 16, what is 31 - -e9a?
ecb
In base 11, what is -5167 - -251?
-4a16
In base 10, what is 9 + 11051418?
11051427
In base 5, what is -30401011 + -42012?
-30443023
In base 13, what is -5 + -84c0a19?
-84c0a21
In base 5, what is -201 + -23303424?
-23304130
In base 10, what is -1196 - 8812?
-10008
In base 3, what is -1000102000110 - -110?
-1000102000000
In base 7, what is -60206016 - 11?
-60206030
In base 12, what is 46 + -55073?
-55029
In base 5, what is -2214402231 - 3?
-2214402234
In base 4, what is -32 - -2323303210?
2323303112
In base 15, what is 13 + d94d?
d961
In base 12, what is 5497115 + 1?
5497116
In base 8, what is -21661 - 703?
-22564
In base 8, what is 104 + 11372630?
11372734
In base 3, what is -1212111 - -100222?
-1111112
In base 14, what is 98b980 + 3?
98b983
In base 9, what is -26247848 + -5?
-26247854
In base 2, what is -1100110 - 101100011010100011?
-101100011100001001
In base 14, what is 51799d - 0?
51799d
In base 12, what is -89 - -7b9a?
7b11
In base 9, what is -2774167 + -261?
-2774438
In base 9, what is 1523761 + 53?
1523824
In base 12, what is -53bb1799 - -2?
-53bb1797
In base 13, what is -4 + 194b3857?
194b3853
In base 16, what is -173ffe + -a6?
-1740a4
In base 16, what is 9f965b9 - 3?
9f965b6
In base 6, what is 2523 - -23124?
30051
In base 3, what is -20020012102 - 1020?
-20020020122
In base 12, what is -5901 - 1aa?
-5aab
In base 4, what is 133230 - 212203201?
-212003311
In base 5, what is -104411103134 + 10?
-104411103124
In base 16, what is -20 + 5d605?
5d5e5
In base 15, what is -614a14 - -5?
-614a0e
In base 12, what is 3169a - -a92?
32570
In base 6, what is 3 + -504342450?
-504342443
In base 5, what is -22030 - 3042001?
-3114031
In base 2, what is -101011 + 101100110011000100?
101100110010011001
In base 7, what is 122325 - -4220?
126545
In base 15, what is -3c0cb20a - -4?
-3c0cb206
In base 5, what is -303 - -21032024?
21031221
In base 15, what is 8b58 - -18dc?
a545
In base 13, what is -823a - -25c8?
-5942
In base 8, what is 1277171373 + -4?
1277171367
In base 8, what is -30770 + 536?
-30232
In base 6, what is -245531051 - -424?
-245530223
In base 4, what is -110020032332 + 10?
-110020032322
In base 13, what is -950cb2 + -5?
-950cb7
In base 9, what is -13 + -1413356?
-1413370
In base 9, what is -4207 - -257078?
252771
In base 6, what is 5531 + 1400244?
1410215
In base 15, what is -18c767 - -a?
-18c75c
In base 14, what is b9 + -909c?
-8dc3
In base 8, what is 172652 + 454?
173326
In base 7, what is 6 - -556522?
556531
In base 16, what is 4a0 + -634e8?
-63048
In base 15, what is -3 - 104e75e?
-104e762
In base 5, what is 102 - -111203124?
111203231
In base 10, what is 436 + 1009712?
1010148
In base 12, what is -9b383 + -2071?
-a1434
In base 13, what is -109b4a1 + -3?
-109b4a4
In base 11, what is -1a16 + 7aa13?
78aa8
In base 8, what is -12647466 + -5?
-12647473
In base 13, what is a306 - b?
a2c8
In base 7, what is 246 + -653160?
-652611
In base 7, what is -2031201 - 34?
-2031235
In base 14, what is 173c - -a65?
23a3
In base 11, what is -33 + 360050?
360018
In base 16, what is 2649c + 20?
264bc
In base 16, what is -1 - d8456?
-d8457
In base 2, what is -1001000 - 101000111010110000000?
-101000111010111001000
In base 10, what is -1988 - 32112?
-34100
In base 15, what is -48d - -db412?
dae74
In base 13, what is -153389b - 2?
-15338a0
In base 16, what is -7c7b162 + 8?
-7c7b15a
In base 3, what is -10100120 + 1100222201?
1020122011
In base 9, what is -72083857 + -24?
-72083882
In base 10, what is 2109 + -68959?
-66850
In base 15, what is 6e + 15b25?
15b94
In base 9, what is -40051 - 6586?
-46647
In base 3, what is -21120 + -202020122200?
-202020221020
In base 4, what is -23 + 333111303032?
333111303003
In base 5, what is -1204 - -30133301?
30132042
In base 8, what is -116172 - -540?
-115432
In base 8, what is 7766340 - -61?
7766421
In base 7, what is -15 + 11561455?
11561440
In base 16, what is 42a05c2 - 3?
42a05bf
In base 16, what is 8 - -8da1b?
8da23
In base 10, what is -5 + -9824830?
-9824835
In base 13, what is -12617 + 56a4?
-9c43
In base 5, what is -1331 - -13042430?
13041044
In base 4, what is -1131303012 + 31013?
-1131211333
In base 4, what is 323113211 - -1022?
323120233
In base 13, what is 3 - 1c6cb8?
-1c6cb5
In base 4, what is 1 + 33223313010330?
33223313010331
In base 14, what is 519ac3 + 18?
519adb
In base 5, what is 423003101 - -1?
423003102
In base 12, what is -643558 + -5b?
-6435b7
In base 6, what is 1 - 3303122122?
-3303122121
In base 6, what is 25 - 24222131?
-24222102
In base 12, what is 25114 + 628?
25740
In base 15, what is 93a3 - -e48?
a2eb
In base 8, what is 221 + 4563420?
4563641
In base 2, what is 1001 - -1111101001100100101?
1111101001100101110
In base 14, what is -369 - -4bcc0?
4b955
In base 15, what is -192c825 - -15?
-192c810
In base 4, what is 2212312 + -102303?
2110003
In base 4, what is -1120323333030 - 3?
-1120323333033
In base 10, what is -7 - 827766?
-827773
In base 9, what is -135 + -268708?
-268844
In base 14, what is -6a1a - 20?
-6a3a
In base 10, what is -161152 - 805?
-161957
In base 7, what is 256323 + -3104?
253216
In base 10, what is -3 - -1499053?
1499050
In base 12, what is 110 + 4a257?
4a367
In base 5, what is 201100441424 + 30?
201100442004
In base 4, what is -121010222123 - 110?
-121010222233
In base 12, what is -17424 - -461?
-16b83
In base 3, what is 12 + -100121111110210?
-100121111110121
In base 5, what is 1 - -13422222222?
13422222223
In base 15, what is 1ac - 868?
-6ab
In base 13, what is -15 - -5c40569?
5c40554
In base 7, what is 561066 + 554?
561653
In base 4, what is 1311130 + 3011332?
10323122
In base 13, what is 7 + -3a6b0c49?
-3a6b0c42
In base 10, what is 283 - 222990?
-222707
In base 2, what is -1101010010110001111100101 + -1?
-1101010010110001111100110
In base 9, what is -25682 + 4?
-25677
In base 5, what is 2414200 - 1022114?
1342031
In base 5, what is 1121424 + 3301032?
4423011
In base 13, what is -14 + c618?
c604
In base 9, what is 1042 - 4680?
-3637
In base 5, what is 10 - 1242024220130?
-1242024220120
In base 12, what is 12445193 + -25?
1244516a
In base 2, what is 1111010001111100000 - -10101?
1111010001111110101
In base 2, what is -100011 - 10101001000110110110111?
-10101001000110111011010
In base 2, what is 100110001 + -111110111010110100101?
-111110111010001110100
In base 13, what is 30ac2 - -b?
30b00
In base 4, what is 0 + 31132111130?
31132111130
In base 10, what is 278111 + -285?
277826
In base 16, what is ed92 + 318e?
11f20
In base 5, what is 1211040443 - 0?
1211040443
In base 7, what is -1221410 + 15210?
-1203200
In base 8, what is 15773 - 37376?
-21403
In base 4, what is 10311 + 132113?
203030
In base 12, what is -3363 - 8257?
-b5ba
In base 12, what is -11b29a + -b?
-11b2a9
In base 5, what is 130 + 1232032144?
1232032324
In base 13, what is -39127a1 + -5?
-39127a6
In base 13, what is 156b - -695?
1c33
In base 6, what is -1355521 - 5431?
-1405352
In base 7, what is 25 - -1262332331?
1262332356
In base 4, what is -1113331111012 - 2?
-1113331111020
In base 14, what is 40d754c9 + -4?
40d754c5
In base 11, what is -13 - 15858535?
-15858548
In base 3, what is -2001111000 - -10220121?
-1220120102
In base 6, what is -25 + 15051520?
15051451
In base 5, what is -33303 + -12402220?
-12441023
In base 7, what is -4506121 - -224?
-4505564
In base 11, what is -18287 + -230?
-18507
In base 16, what is 1d93217 - -4?
1d9321b
In base 13, what is 6983 - 6c?
6914
In base 13, what is -4b91 - 474?
-5335
In base 4, what is -2 + -3111023120?
-3111023122
In base 2, what is 100000111010110011011111 + -101?
100000111010110011011010
In base 4, what is 22 + 213210301221?
213210301303
In base 13, what is 5b5149c - -2?
5b514a1
In base 12, what is -7170 - -145b5?
9445
In base 11, what is 16065 - 173?
159a2
In base 10, what is -779561 + 296?
-779265
In base 3, what is -2101 + -102022020111?
-102022022212
In base 5, what is -2143202 + -130143?
-2323400
In base 13, what is -bc - 12668?
-12757
In base 11, what is -4 + 3965009a?
39650096
In base 